en t is divided by 10?
6
Calculate the remainder when 103 is divided by 1/(5/90) + -3.
13
Suppose 5*s - 62 = 43. Calculate the remainder when 57 is divided by s.
15
Calculate the remainder when 20 is divided by (-46)/(-6) + (1 - 5/3).
6
Let z(x) = 9 - x**2 - x - 3 + 2*x**2. What is the remainder when z(7) is divided by 17?
14
Suppose 9*z - 5*z = 272. What is the remainder when z is divided by 5?
3
Let y = -36 - -55. Calculate the remainder when 35 is divided by y.
16
Let v = 46 - 27. What is the remainder when v is divided by 10?
9
Suppose 42*a = 41*a + 16. Suppose -7*j + 3*j = -180. What is the remainder when j is divided by a?
13
Let y(f) = -f**2 + 5*f + 3. Let p be y(4). Suppose -5*l - 5*i + 80 = 0, -12 = -l + 2*i + p. Calculate the remainder when 31 is divided by l.
14
Suppose -6*f = 4*f - 140. Calculate the remainder when 27 is divided by f.
13
Suppose 2*h - 3*f + 0*f - 123 = 0, -5*h = -2*f - 335. What is the remainder when h is divided by 14?
13
Calculate the remainder when 393/3*(1 + 0) is divided by 33.
32
Let x = 7 - -22. Calculate the remainder when x is divided by 10.
9
Suppose -3*g = -0*g + 6, 4*g + 7 = q. Let f be 3 - ((q - -1) + 0). Suppose 33 = f*c - 0*c. What is the remainder when 20 is divided by c?
9
Suppose 0 = -3*f + 62 - 5. Calculate the remainder when f is divided by 4.
3
Let b = -2 - -5. What is the remainder when 59 is divided by b/((-57)/20 - -3)?
19
Suppose 6 = 2*b - 2*d, 2*d = b + 3*d - 7. What is the remainder when b is divided by 3?
2
What is the remainder when -1 - -4 - 96/(-3) is divided by 19?
16
Suppose 0 = 3*y - y - 12. What is the remainder when 15 is divided by y?
3
Let w(y) = 8*y**2 - 2*y**3 + 3*y**3 - 2*y - 2 + 3 + 0*y. What is the remainder when w(-8) is divided by 10?
7
Let g = 9 + -15. Suppose -4*f + 0*z + 36 = -5*z, 4*f + 4*z = 0. What is the remainder when (g/(-3) - 0) + 4 is divided by f?
2
Suppose -1459 + 406 = -9*z. Calculate the remainder when z is divided by 15.
12
Suppose 20 = 7*h - 71. What is the remainder when 35 is divided by h?
9
Let z be -1 - (-122)/(-1 - -3). Suppose -3*y = -0*y. Suppose y*u = -3*u + z. What is the remainder when u is divided by 7?
6
Let c be (3/2)/(9/24). Suppose -4*d = 5*o - 493, 0*d = -4*d + c*o + 520. What is the remainder when d is divided by 32?
31
Suppose 5*z - 109 = -19. Let u = z - -9. What is the remainder when u is divided by 15?
12
Let t(x) = 3*x - 23. Calculate the remainder when t(12) is divided by 5.
3
Let t be 23/7 - 4/14. Suppose v - 30 = -5*i, -5*i = -2*v - 2*i - 5. What is the remainder when v is divided by 7/t + 8/12?
2
Let y(c) = 4*c - 10. Calculate the remainder when y(3) is divided by 2.
0
Suppose -3*z + 95 + 139 = 0. What is the remainder when z is divided by 16?
14
Let i = -6 + 26. Let m be 23/7 - (-2)/(-7). Calculate the remainder when i is divided by (m/(-1))/((-12)/28).
6
Suppose 3*f = -3*a - 0*f + 15, -2*a - 3*f + 13 = 0. Let x = 2 + a. Suppose x*s = -s + 60. What is the remainder when s is divided by 7?
5
Let y(s) = 2*s**2 - 19*s - 6. What is the remainder when y(13) is divided by 8?
5
Let o = 59 + 6. Calculate the remainder when o is divided by 17.
14
Let y(a) = a + 20. Let j be y(0). Suppose 0 = -7*f + 3*f + j. Suppose -3*q + f = -7. What is the remainder when q is divided by 3?
1
Let j(k) = k**3 - 7*k**2 + 3*k - 6. Suppose -6 = -0*x - x. Let a be j(x). Calculate the remainder when -1 - (a - (-2 - -4)) is divided by 9.
7
Suppose 0 = -5*x + 2*x + 9. Suppose l + 4*t - 23 = 0, -x*l + t + 85 = 5*t. What is the remainder when l is divided by 3/((-15)/2)*-20?
7
Suppose 2*i = -2*f - i + 13, -21 = -5*f + 4*i. Suppose 5*w + f*t = 340, 4*w + 3*t - 179 = 92. What is the remainder when w is divided by 17?
16
Let a(i) = -3*i - 7. Let c = 8 + -1. Calculate the remainder when c is divided by a(-4).
2
Suppose -3*k = k + 24. Let j(r) = r. Let s be j(k). Let i(q) = -q**3 - 6*q**2 - 2*q - 5. Calculate the remainder when i(s) is divided by 4.
3
Let p = -82 + 155. Calculate the remainder when p is divided by 22.
7
Let x(a) be the first derivative of a**3/3 + 4*a**2 - 5*a - 1. What is the remainder when 57 is divided by x(-10)?
12
Let x be 76/16 - (-1)/4. Let n be (-1)/(-5) + 19/x. Suppose 0 = n*t - 2 - 10. What is the remainder when 4 is divided by t?
1
Let c = 211 + -122. Calculate the remainder when c is divided by 15.
14
Let i(n) = -n**3 - 3*n**2 - 4*n - 2. Suppose 3*w - 2 = -11. What is the remainder when 28 is divided by i(w)?
8
Let b be 8/3 - (-10)/(-15). Suppose -5*d + b*p = -0*p - 18, -d + 2*p = -2. Calculate the remainder when 10 is divided by d.
2
Suppose 2*n + 2*c - 18 = 0, -2*n + 6*n - 34 = -2*c. Let k = -348 + 362. What is the remainder when k is divided by n?
6
Calculate the remainder when 53 is divided by 10/20 - 106/(-4).
26
Suppose 12*o - 1173 = -5*o. Calculate the remainder when o is divided by 24.
21
Let w(c) = -29*c - 1. Let a be w(1). Let h be a/6 - 1/1. Calculate the remainder when 4 is divided by (-20)/(-9) + h/27.
0
Suppose -3*l - g = -6*g, 5*l - g = 0. Suppose l*n = 2*n - 172. Suppose -n - 10 = -4*m. Calculate the remainder when m is divided by 13.
11
Suppose -3*i - i + 4*b + 172 = 0, -3*i + b = -137. Let w = -2 - -14. Calculate the remainder when i is divided by w.
11
Let r(x) = 3*x - 2. Let w(p) = -p + 5. Let q be w(5). Suppose -120 = -4*i - q*i. What is the remainder when i is divided by r(6)?
14
Let h be (-12)/(-16) + 117/4. Let m = h - 14. What is the remainder when 30 is divided by m?
14
Calculate the remainder when 3840/50 - 3/((-30)/(-8)) is divided by 27.
22
Suppose v + 23 - 66 = 0. What is the remainder when v is divided by 22?
21
Calculate the remainder when (-3 - -48)*63/35 is divided by 41.
40
Suppose 4*u + f + 33 = -90, u + 33 = 2*f. Let p = -19 - u. What is the remainder when 45 is divided by p?
9
Suppose q - 33 = -2*a, 3*q = 3*a - 7 + 124. Calculate the remainder when q is divided by 19.
18
What is the remainder when (53/(-3))/(9/(-27)) is divided by 14?
11
Let k = 26 - 37. Let n = 66 - k. What is the remainder when n is divided by 24/1 + 1 + 1?
25
Let r = -57 + 9. Let n = r - -86. Suppose -3*t = -5*t + n. Calculate the remainder when 55 is divided by t.
17
Let w be 42/9 - 4/6. Suppose 0 = 2*j + w*t - 56, 2*t = 3*j - j - 50. Calculate the remainder when j is divided by 82/6 + 7/21.
12
Let j(p) = -p**3 - 13*p**2 - 13*p + 1. Calculate the remainder when (-2)/(-3) + 73/3 is divided by j(-12).
12
Let q = -5 + 2. Calculate the remainder when 36 is divided by 1/(-2*q/78).
10
Let p = -42 + 65. What is the remainder when p is divided by 13?
10
Let i(p) = p + 35. Calculate the remainder when i(-7) is divided by 15.
13
Let v = 0 + 3. Suppose -f + 52 = -5*j, 156 = v*f + 2*f + j. Calculate the remainder when f is divided by 17.
15
Suppose 102 = 9*f + 12. Calculate the remainder when 19 is divided by f.
9
Suppose -t - 4 = -6. Calculate the remainder when (-2 + 38 - -3) + t is divided by 21.
20
Let g(o) = 9*o + 7. What is the remainder when g(5) is divided by 18?
16
Suppose 2*b - 8 = -2*b. Let k be 45/6 + b/(-4). Calculate the remainder when 112/6 - k/(-21) is divided by 5.
4
Let s(v) = -2*v - 2. Calculate the remainder when s(-6) is divided by 8.
2
Suppose -5*p + 2*p + 30 = 0. Suppose p = 3*o - 8. Calculate the remainder when 21 is divided by o.
3
Suppose -10 = h - 57. Calculate the remainder when h is divided by 25.
22
Suppose 3*r - 15 = -5*c, 5*r + 15 = 2*r. Suppose -f = -0*f - c. Calculate the remainder when 15 is divided by f.
3
Suppose 5*g - 21 = -6. Suppose 0 = -g*l - l + 96. Suppose 2*x + 3*r - r = 10, 25 = x - 4*r. Calculate the remainder when l is divided by x.
6
Suppose 12 = -r + 4*r. Let l = 3 + 0. What is the remainder when r is divided by l?
1
Suppose 0 = 2*a - 5*a, 5*a + 20 = 5*y. Suppose 22 = 2*s - i, -4*s + y*i = -23 - 29. What is the remainder when s is divided by 5?
4
Let v be 1 + 8 - (8 + -4). Calculate the remainder when (10/v)/((-3)/(-81)) is divided by 14.
12
Suppose -3*o + 10 = 2*j - 13, -64 = -4*o + 4*j. Calculate the remainder when 41 is divided by o.
8
Let c = -66 + 18. Let h = c + 71. What is the remainder when h is divided by 6?
5
Let q = -36 + 65. What is the remainder when q is divided by 16?
13
Suppose 4*w - 3*f = -8*f + 36, 0 = -5*w + 2*f + 12. What is the remainder when 14 is divided by w?
2
Let 